{"id":16963,"date":"2023-05-14T21:32:39","date_gmt":"2023-05-14T19:32:39","guid":{"rendered":"https:\/\/simskolansmagrodorna.se\/?page_id=16963"},"modified":"2023-05-20T09:59:29","modified_gmt":"2023-05-20T07:59:29","slug":"om-oss","status":"publish","type":"page","link":"https:\/\/simskolansmagrodorna.se\/test-stage7\/om-oss\/","title":{"rendered":"Om oss"},"content":{"rendered":"<h1>Om oss<\/h1>\n<p>Sm\u00e5 Grodorna h\u00e5ller intensivkurser i simning f\u00f6r barn utomhus vid str\u00e4nder under sommaren.<\/p>\n","protected":false},"excerpt":{"rendered":"<p>Om oss Sm\u00e5 Grodorna h\u00e5ller intensivkurser i simning f\u00f6r barn utomhus vid str\u00e4nder under sommaren.<\/p>\n","protected":false},"author":3,"featured_media":17082,"parent":0,"menu_order":0,"comment_status":"closed","ping_status":"closed","template":"template-about-page.php","meta":{"inline_featured_image":false},"acf":[],"_links":{"self":[{"href":"https:\/\/simskolansmagrodorna.se\/test-stage7\/wp-json\/wp\/v2\/pages\/16963"}],"collection":[{"href":"https:\/\/simskolansmagrodorna.se\/test-stage7\/wp-json\/wp\/v2\/pages"}],"about":[{"href":"https:\/\/simskolansmagrodorna.se\/test-stage7\/wp-json\/wp\/v2\/types\/page"}],"author":[{"embeddable":true,"href":"https:\/\/simskolansmagrodorna.se\/test-stage7\/wp-json\/wp\/v2\/users\/3"}],"replies":[{"embeddable":true,"href":"https:\/\/simskolansmagrodorna.se\/test-stage7\/wp-json\/wp\/v2\/comments?post=16963"}],"version-history":[{"count":4,"href":"https:\/\/simskolansmagrodorna.se\/test-stage7\/wp-json\/wp\/v2\/pages\/16963\/revisions"}],"predecessor-version":[{"id":17099,"href":"https:\/\/simskolansmagrodorna.se\/test-stage7\/wp-json\/wp\/v2\/pages\/16963\/revisions\/17099"}],"wp:featuredmedia":[{"embeddable":true,"href":"https:\/\/simskolansmagrodorna.se\/test-stage7\/wp-json\/wp\/v2\/media\/17082"}],"wp:attachment":[{"href":"https:\/\/simskolansmagrodorna.se\/test-stage7\/wp-json\/wp\/v2\/media?parent=16963"}],"curies":[{"name":"wp","href":"https:\/\/api.w.org\/{rel}","templated":true}]}}